{"id":150,"date":"2026-04-16T13:37:07","date_gmt":"2026-04-16T11:37:07","guid":{"rendered":"https:\/\/alternativ-therapies.ch\/?page_id=150"},"modified":"2026-04-16T14:04:12","modified_gmt":"2026-04-16T12:04:12","slug":"temoignages","status":"publish","type":"page","link":"https:\/\/alternativ-therapies.ch\/index.php\/temoignages\/","title":{"rendered":"T\u00e9moignages"},"content":{"rendered":"\t\t<div data-elementor-type=\"wp-page\" data-elementor-id=\"150\" class=\"elementor elementor-150\">\n\t\t\t\t<div class=\"elementor-element elementor-element-458aa9ab e-con-full animated-fast e-flex elementor-invisible e-con e-parent\" data-id=\"458aa9ab\" data-element_type=\"container\" data-e-type=\"container\" data-settings=\"{&quot;animation&quot;:&quot;fadeIn&quot;}\">\n\t\t\t\t<div class=\"elementor-element elementor-element-da488c5 elementor-widget elementor-widget-heading\" data-id=\"da488c5\" data-element_type=\"widget\" data-e-type=\"widget\" data-widget_type=\"heading.default\">\n\t\t\t\t\t<h3 class=\"elementor-heading-title elementor-size-default\"><p><span style=\"color: #999999\">QUELQUES<\/span> TEMOIGNAGES<\/p><\/h3>\t\t\t\t<\/div>\n\t\t\t\t<\/div>\n\t\t<div class=\"elementor-element elementor-element-4607c31 e-flex e-con-boxed e-con e-parent\" data-id=\"4607c31\" data-element_type=\"container\" data-e-type=\"container\">\n\t\t\t\t\t<div class=\"e-con-inner\">\n\t\t\t\t<div class=\"elementor-element elementor-element-502b97f elementor-widget elementor-widget-testimonial\" data-id=\"502b97f\" data-element_type=\"widget\" data-e-type=\"widget\" data-widget_type=\"testimonial.default\">\n\t\t\t\t\t\t\t<div class=\"elementor-testimonial-wrapper\">\n\t\t\t\t\t\t\t<div class=\"elementor-testimonial-content\">Claustrophobe, je devais passer un examen m\u00e9dical dans un IRM. Jamais je n'aurais pu le faire sans soigner ma phobie.<\/div>\n\t\t\t\n\t\t\t\t\t\t<div class=\"elementor-testimonial-meta elementor-has-image elementor-testimonial-image-position-top\">\n\t\t\t\t<div class=\"elementor-testimonial-meta-inner\">\n\t\t\t\t\t\t\t\t\t\t\t<div class=\"elementor-testimonial-image\">\n\t\t\t\t\t\t\t<img decoding=\"async\" width=\"200\" height=\"200\" src=\"https:\/\/alternativ-therapies.ch\/wp-content\/uploads\/2026\/04\/fear-of-claustrophobia.avif\" class=\"attachment-full size-full wp-image-151\" alt=\"\" srcset=\"https:\/\/alternativ-therapies.ch\/wp-content\/uploads\/2026\/04\/fear-of-claustrophobia.avif 200w, https:\/\/alternativ-therapies.ch\/wp-content\/uploads\/2026\/04\/fear-of-claustrophobia-150x150.avif 150w\" sizes=\"(max-width: 200px) 100vw, 200px\" \/>\t\t\t\t\t\t<\/div>\n\t\t\t\t\t\n\t\t\t\t\t\t\t\t\t\t<div class=\"elementor-testimonial-details\">\n\t\t\t\t\t\t\t\t\t\t\t\t\t\t<div class=\"elementor-testimonial-name\">V, 38 ans (hypnose)<\/div>\n\t\t\t\t\t\t\t\t\t\t\t\t\t\t\t\t\t\t\t<\/div>\n\t\t\t\t\t\t\t\t\t<\/div>\n\t\t\t<\/div>\n\t\t\t\t\t<\/div>\n\t\t\t\t\t\t<\/div>\n\t\t\t\t\t<\/div>\n\t\t\t\t<\/div>\n\t\t<div class=\"elementor-element elementor-element-05d7a7f e-flex e-con-boxed e-con e-parent\" data-id=\"05d7a7f\" data-element_type=\"container\" data-e-type=\"container\">\n\t\t\t\t\t<div class=\"e-con-inner\">\n\t\t\t\t<div class=\"elementor-element elementor-element-050e1b8 elementor-widget-divider--view-line elementor-widget elementor-widget-divider\" data-id=\"050e1b8\" data-element_type=\"widget\" data-e-type=\"widget\" data-widget_type=\"divider.default\">\n\t\t\t\t\t\t\t<div class=\"elementor-divider\">\n\t\t\t<span class=\"elementor-divider-separator\">\n\t\t\t\t\t\t<\/span>\n\t\t<\/div>\n\t\t\t\t\t\t<\/div>\n\t\t\t\t\t<\/div>\n\t\t\t\t<\/div>\n\t\t<div class=\"elementor-element elementor-element-3cfc122 e-flex e-con-boxed e-con e-parent\" data-id=\"3cfc122\" data-element_type=\"container\" data-e-type=\"container\">\n\t\t\t\t\t<div class=\"e-con-inner\">\n\t\t\t\t<div class=\"elementor-element elementor-element-74a63b9 elementor-widget elementor-widget-testimonial\" data-id=\"74a63b9\" data-element_type=\"widget\" data-e-type=\"widget\" data-widget_type=\"testimonial.default\">\n\t\t\t\t\t\t\t<div class=\"elementor-testimonial-wrapper\">\n\t\t\t\t\t\t\t<div class=\"elementor-testimonial-content\">Je doutais de moi continuellement. J'ai appris \u00e0 me faire confiance, \u00e0 developper mes ressources, aujourd'hui je m'\u00e9clate dans mon nouveau job.<\/div>\n\t\t\t\n\t\t\t\t\t\t<div class=\"elementor-testimonial-meta elementor-has-image elementor-testimonial-image-position-top\">\n\t\t\t\t<div class=\"elementor-testimonial-meta-inner\">\n\t\t\t\t\t\t\t\t\t\t\t<div class=\"elementor-testimonial-image\">\n\t\t\t\t\t\t\t<img decoding=\"async\" width=\"200\" height=\"200\" src=\"https:\/\/alternativ-therapies.ch\/wp-content\/uploads\/2026\/04\/Elegant-Female.avif\" class=\"attachment-full size-full wp-image-152\" alt=\"\" srcset=\"https:\/\/alternativ-therapies.ch\/wp-content\/uploads\/2026\/04\/Elegant-Female.avif 200w, https:\/\/alternativ-therapies.ch\/wp-content\/uploads\/2026\/04\/Elegant-Female-150x150.avif 150w\" sizes=\"(max-width: 200px) 100vw, 200px\" \/>\t\t\t\t\t\t<\/div>\n\t\t\t\t\t\n\t\t\t\t\t\t\t\t\t\t<div class=\"elementor-testimonial-details\">\n\t\t\t\t\t\t\t\t\t\t\t\t\t\t<div class=\"elementor-testimonial-name\">S,32 ans (Hypnocoaching)<\/div>\n\t\t\t\t\t\t\t\t\t\t\t\t\t\t\t\t\t\t\t<\/div>\n\t\t\t\t\t\t\t\t\t<\/div>\n\t\t\t<\/div>\n\t\t\t\t\t<\/div>\n\t\t\t\t\t\t<\/div>\n\t\t\t\t\t<\/div>\n\t\t\t\t<\/div>\n\t\t<div class=\"elementor-element elementor-element-3bc19ad e-flex e-con-boxed e-con e-parent\" data-id=\"3bc19ad\" data-element_type=\"container\" data-e-type=\"container\">\n\t\t\t\t\t<div class=\"e-con-inner\">\n\t\t\t\t<div class=\"elementor-element elementor-element-39a319e elementor-widget-divider--view-line elementor-widget elementor-widget-divider\" data-id=\"39a319e\" data-element_type=\"widget\" data-e-type=\"widget\" data-widget_type=\"divider.default\">\n\t\t\t\t\t\t\t<div class=\"elementor-divider\">\n\t\t\t<span class=\"elementor-divider-separator\">\n\t\t\t\t\t\t<\/span>\n\t\t<\/div>\n\t\t\t\t\t\t<\/div>\n\t\t\t\t\t<\/div>\n\t\t\t\t<\/div>\n\t\t<div class=\"elementor-element elementor-element-80ba449 e-flex e-con-boxed e-con e-parent\" data-id=\"80ba449\" data-element_type=\"container\" data-e-type=\"container\">\n\t\t\t\t\t<div class=\"e-con-inner\">\n\t\t\t\t<div class=\"elementor-element elementor-element-3ff3090 elementor-widget elementor-widget-testimonial\" data-id=\"3ff3090\" data-element_type=\"widget\" data-e-type=\"widget\" data-widget_type=\"testimonial.default\">\n\t\t\t\t\t\t\t<div class=\"elementor-testimonial-wrapper\">\n\t\t\t\t\t\t\t<div class=\"elementor-testimonial-content\">Souffrant de troubles anxieux, insomnies et douleurs chroniques depuis de nombreuses ann\u00e9es, j'ai r\u00e9ussi \u00e0 diminuer mes douleurs, retrouver un sommeil de qualit\u00e9 et g\u00e9rer mes angoisses. Merci Patricia.<\/div>\n\t\t\t\n\t\t\t\t\t\t<div class=\"elementor-testimonial-meta elementor-has-image elementor-testimonial-image-position-top\">\n\t\t\t\t<div class=\"elementor-testimonial-meta-inner\">\n\t\t\t\t\t\t\t\t\t\t\t<div class=\"elementor-testimonial-image\">\n\t\t\t\t\t\t\t<img decoding=\"async\" width=\"200\" height=\"200\" src=\"https:\/\/alternativ-therapies.ch\/wp-content\/uploads\/2026\/04\/Lonely-and-depressed-sad-woman-with-hands-on-face.avif\" class=\"attachment-full size-full wp-image-153\" alt=\"\" srcset=\"https:\/\/alternativ-therapies.ch\/wp-content\/uploads\/2026\/04\/Lonely-and-depressed-sad-woman-with-hands-on-face.avif 200w, https:\/\/alternativ-therapies.ch\/wp-content\/uploads\/2026\/04\/Lonely-and-depressed-sad-woman-with-hands-on-face-150x150.avif 150w\" sizes=\"(max-width: 200px) 100vw, 200px\" \/>\t\t\t\t\t\t<\/div>\n\t\t\t\t\t\n\t\t\t\t\t\t\t\t\t\t<div class=\"elementor-testimonial-details\">\n\t\t\t\t\t\t\t\t\t\t\t\t\t\t<div class=\"elementor-testimonial-name\">V,47 ans (Hypnose)<\/div>\n\t\t\t\t\t\t\t\t\t\t\t\t\t\t\t\t\t\t\t<\/div>\n\t\t\t\t\t\t\t\t\t<\/div>\n\t\t\t<\/div>\n\t\t\t\t\t<\/div>\n\t\t\t\t\t\t<\/div>\n\t\t\t\t\t<\/div>\n\t\t\t\t<\/div>\n\t\t<div class=\"elementor-element elementor-element-3163bd8 e-flex e-con-boxed e-con e-parent\" data-id=\"3163bd8\" data-element_type=\"container\" data-e-type=\"container\">\n\t\t\t\t\t<div class=\"e-con-inner\">\n\t\t\t\t<div class=\"elementor-element elementor-element-7ca846d elementor-widget-divider--view-line elementor-widget elementor-widget-divider\" data-id=\"7ca846d\" data-element_type=\"widget\" data-e-type=\"widget\" data-widget_type=\"divider.default\">\n\t\t\t\t\t\t\t<div class=\"elementor-divider\">\n\t\t\t<span class=\"elementor-divider-separator\">\n\t\t\t\t\t\t<\/span>\n\t\t<\/div>\n\t\t\t\t\t\t<\/div>\n\t\t\t\t\t<\/div>\n\t\t\t\t<\/div>\n\t\t<div class=\"elementor-element elementor-element-b8fc5dd e-flex e-con-boxed e-con e-parent\" data-id=\"b8fc5dd\" data-element_type=\"container\" data-e-type=\"container\">\n\t\t\t\t\t<div class=\"e-con-inner\">\n\t\t\t\t<div class=\"elementor-element elementor-element-a8db11a elementor-widget elementor-widget-testimonial\" data-id=\"a8db11a\" data-element_type=\"widget\" data-e-type=\"widget\" data-widget_type=\"testimonial.default\">\n\t\t\t\t\t\t\t<div class=\"elementor-testimonial-wrapper\">\n\t\t\t\t\t\t\t<div class=\"elementor-testimonial-content\">Souffrant d'allergies chaque ann\u00e9es depuis 5 ans, le traitement de bior\u00e9sonance m'a permis de me sortir de ces rhinites allergiques.<\/div>\n\t\t\t\n\t\t\t\t\t\t<div class=\"elementor-testimonial-meta elementor-has-image elementor-testimonial-image-position-top\">\n\t\t\t\t<div class=\"elementor-testimonial-meta-inner\">\n\t\t\t\t\t\t\t\t\t\t\t<div class=\"elementor-testimonial-image\">\n\t\t\t\t\t\t\t<img loading=\"lazy\" decoding=\"async\" width=\"200\" height=\"200\" src=\"https:\/\/alternativ-therapies.ch\/wp-content\/uploads\/2026\/04\/adolescent.avif\" class=\"attachment-full size-full wp-image-154\" alt=\"\" srcset=\"https:\/\/alternativ-therapies.ch\/wp-content\/uploads\/2026\/04\/adolescent.avif 200w, https:\/\/alternativ-therapies.ch\/wp-content\/uploads\/2026\/04\/adolescent-150x150.avif 150w\" sizes=\"(max-width: 200px) 100vw, 200px\" \/>\t\t\t\t\t\t<\/div>\n\t\t\t\t\t\n\t\t\t\t\t\t\t\t\t\t<div class=\"elementor-testimonial-details\">\n\t\t\t\t\t\t\t\t\t\t\t\t\t\t<div class=\"elementor-testimonial-name\">Y, 16 ans (Bior\u00e9sonance)<\/div>\n\t\t\t\t\t\t\t\t\t\t\t\t\t\t\t\t\t\t\t<\/div>\n\t\t\t\t\t\t\t\t\t<\/div>\n\t\t\t<\/div>\n\t\t\t\t\t<\/div>\n\t\t\t\t\t\t<\/div>\n\t\t\t\t\t<\/div>\n\t\t\t\t<\/div>\n\t\t\t\t<\/div>\n\t\t","protected":false},"excerpt":{"rendered":"<p>QUELQUES TEMOIGNAGES Claustrophobe, je devais passer un examen m\u00e9dical dans un IRM. Jamais je n&rsquo;aurais pu le faire sans soigner ma phobie. V, 38 ans (hypnose) Je doutais de moi continuellement. J&rsquo;ai appris \u00e0 me faire confiance, \u00e0 developper mes ressources, aujourd&rsquo;hui je m&rsquo;\u00e9clate dans mon nouveau job. S,32 ans (Hypnocoaching) Souffrant de troubles anxieux, [&hellip;]<\/p>\n","protected":false},"author":1,"featured_media":0,"parent":0,"menu_order":0,"comment_status":"closed","ping_status":"closed","template":"elementor_header_footer","meta":{"footnotes":""},"class_list":["post-150","page","type-page","status-publish","hentry"],"_links":{"self":[{"href":"https:\/\/alternativ-therapies.ch\/index.php\/wp-json\/wp\/v2\/pages\/150","targetHints":{"allow":["GET"]}}],"collection":[{"href":"https:\/\/alternativ-therapies.ch\/index.php\/wp-json\/wp\/v2\/pages"}],"about":[{"href":"https:\/\/alternativ-therapies.ch\/index.php\/wp-json\/wp\/v2\/types\/page"}],"author":[{"embeddable":true,"href":"https:\/\/alternativ-therapies.ch\/index.php\/wp-json\/wp\/v2\/users\/1"}],"replies":[{"embeddable":true,"href":"https:\/\/alternativ-therapies.ch\/index.php\/wp-json\/wp\/v2\/comments?post=150"}],"version-history":[{"count":9,"href":"https:\/\/alternativ-therapies.ch\/index.php\/wp-json\/wp\/v2\/pages\/150\/revisions"}],"predecessor-version":[{"id":202,"href":"https:\/\/alternativ-therapies.ch\/index.php\/wp-json\/wp\/v2\/pages\/150\/revisions\/202"}],"wp:attachment":[{"href":"https:\/\/alternativ-therapies.ch\/index.php\/wp-json\/wp\/v2\/media?parent=150"}],"curies":[{"name":"wp","href":"https:\/\/api.w.org\/{rel}","templated":true}]}}